{"id":320,"date":"2025-04-14T10:11:31","date_gmt":"2025-04-14T10:11:31","guid":{"rendered":"https:\/\/packagingreview.eu\/?page_id=320"},"modified":"2025-04-14T10:17:59","modified_gmt":"2025-04-14T10:17:59","slug":"nota-wydawnicza","status":"publish","type":"page","link":"https:\/\/packagingreview.eu\/index.php\/nota-wydawnicza\/","title":{"rendered":"Nota wydawnicza"},"content":{"rendered":"\t\t<div data-elementor-type=\"wp-page\" data-elementor-id=\"320\" class=\"elementor elementor-320\" data-elementor-post-type=\"page\">\n\t\t\t\t<div class=\"elementor-element elementor-element-601c1349 e-flex e-con-boxed e-con e-parent\" data-id=\"601c1349\" data-element_type=\"container\">\n\t\t\t\t\t<div class=\"e-con-inner\">\n\t\t\t\t<div class=\"elementor-element elementor-element-64cb07d3 elementor-widget elementor-widget-text-editor\" data-id=\"64cb07d3\" data-element_type=\"widget\" data-widget_type=\"text-editor.default\">\n\t\t\t\t<div class=\"elementor-widget-container\">\n\t\t\t\t\t\t\t\t\t\n<p>ZASTRZE\u017bENIE PODMIOTU UPRAWNIONEGO DOTYCZ\u0104CE EKSPLORACJI TEKSTU I\u00a0DANYCH<\/p>\n\n\n\n<p>Dokonywanie zwielokrotnie\u0144 w&nbsp;celu eksploracji tekstu i&nbsp;danych, w&nbsp;tym systematyczne pobieranie tre\u015bci, danych lub informacji ze stron internetowych Poligrafika.pl, Opakowanie.pl oraz Packagingreview.eu przy u\u017cyciu oprogramowania lub innego zautomatyzowanego systemu (\u201escreen scraping\u201d\/\u201eweb scraping\u201d) lub w&nbsp;inny spos\u00f3b, w&nbsp;szczeg\u00f3lno\u015bci do szkolenia system\u00f3w uczenia maszynowego lub sztucznej inteligencji (AI), bez wyra\u017anej zgody Alfa-Print Sp. z o.o. jest niedozwolone.<\/p>\n\n\n\n<p>Zastrze\u017cenie to nie ma zastosowania do sytuacji, w&nbsp;kt\u00f3rych tre\u015bci, dane lub informacje s\u0105 wykorzystywane w&nbsp;celu u\u0142atwienia ich wyszukiwania przez wyszukiwarki internetowe.<\/p>\n\n\n\n<p>Alfa-Print Sp. z o.o z siedzib\u0105 w Warszawie, ul. \u015awi\u0119tokrzyska 14A (00-050) zastrzega, i\u017c nie wyra\u017ca zgody na dokonywanie zwielokrotnie\u0144 w&nbsp;celu eksploracji tekstu i&nbsp;danych, w&nbsp;tym na systematyczne pobieranie tre\u015bci, danych lub informacji z&nbsp;publikacji prasowych, w&nbsp;tym ze stron internetowych Poligrafika.pl Opakowanie.pl oraz Packagingreview.eu tytu\u0142\u00f3w prasowych Poligrafika, Opakowanie oraz Packaging Review w&nbsp;tym ich elektronicznych wersji, przy u\u017cyciu oprogramowania lub innego zautomatyzowanego systemu (\u201escreen scraping\u201d\/\u201eweb scraping\u201d) lub w&nbsp;inny spos\u00f3b, w&nbsp;szczeg\u00f3lno\u015bci do szkolenia system\u00f3w uczenia maszynowego lub sztucznej inteligencji (AI).<\/p>\n\n\n\n<p>Zastrze\u017cenie obejmuje wszelkiego rodzaju materia\u0142y i&nbsp;informacje, w&nbsp;szczeg\u00f3lno\u015bci utwory literackie, materia\u0142y prasowe w&nbsp;rozumieniu Art. 7&nbsp;ust. 2&nbsp;pkt 4) ustawy z&nbsp;dnia 26 stycznia 1984 r. \u2013 Prawo prasowe (tekst jedn. Dz.U. z&nbsp;2018 r. poz. 1914), zdj\u0119cia, grafiki, materia\u0142y wizualne, audiowizualne i&nbsp;d\u017awi\u0119kowe, w&nbsp;tym podcasty.<\/p>\n\n\n\n<p>Zastrze\u017cenie to nie ma zastosowania do zwielokrotnie\u0144 dokonywanych do cel\u00f3w bada\u0144 naukowych przez instytucje dziedzictwa kulturowego, a&nbsp;tak\u017ce podmioty, o&nbsp;kt\u00f3rych mowa w&nbsp;art. 7&nbsp;ust. 1&nbsp;pkt 1, 2&nbsp;i&nbsp;4\u20138 ustawy z&nbsp;dnia 20 lipca 2018 r. \u2013 Prawo o&nbsp;szkolnictwie wy\u017cszym i&nbsp;nauce (tekst jedn. Dz.U. z&nbsp;2024 r. Poz. 1571, 1871, 1897), zgodnie z&nbsp;art. 26<sup>2<\/sup> ustawy z&nbsp;dnia 4&nbsp;lutego 1994 r. o&nbsp;prawie autorskim i&nbsp;prawach pokrewnych (tekst jedn. Dz.U. z&nbsp;2025 r. poz. 24), a&nbsp;tak\u017ce do sytuacji, w&nbsp;kt\u00f3rych tre\u015bci, dane lub informacje s\u0105 wykorzystywane w&nbsp;celu u\u0142atwienia ich wyszukiwania przez wyszukiwarki internetowe (w celu ustalenia ich pozycjonowania).<\/p>\n\n\n\n<p>Niniejsze zastrze\u017cenie stanowi wyra\u017ane zastrze\u017cenie przez podmiot uprawniony, o&nbsp;kt\u00f3rym mowa w&nbsp;art. 4&nbsp;ust. 3&nbsp;Dyrektywy Parlamentu Europejskiego i&nbsp;Rady (UE) 2019\/790 z&nbsp;dnia 17 kwietnia 2019 r. w&nbsp;sprawie prawa autorskiego i&nbsp;praw pokrewnych na jednolitym rynku cyfrowym oraz zmiany dyrektyw 96\/9\/WE i&nbsp;2001\/29\/WE (Dz.U.UE L. 130\/92), a&nbsp;tak\u017ce w&nbsp;rozumieniu przepis\u00f3w implementuj\u0105cych t\u0119 dyrektyw\u0119 do krajowych porz\u0105dk\u00f3w prawnych pa\u0144stw cz\u0142onkowskich UE, w&nbsp;tym art. 26<sup>3<\/sup> ust. 1&nbsp;i 2&nbsp;polskiej ustawy o&nbsp;prawie autorskim i&nbsp;prawach pokrewnych.<\/p>\n\t\t\t\t\t\t\t\t<\/div>\n\t\t\t\t<\/div>\n\t\t\t\t\t<\/div>\n\t\t\t\t<\/div>\n\t\t\t\t<\/div>\n\t\t","protected":false},"excerpt":{"rendered":"<p>ZASTRZE\u017bENIE PODMIOTU UPRAWNIONEGO DOTYCZ\u0104CE EKSPLORACJI TEKSTU I\u00a0DANYCH Dokonywanie zwielokrotnie\u0144 w&nbsp;celu eksploracji tekstu i&nbsp;danych, w&nbsp;tym systematyczne pobieranie tre\u015bci, danych lub informacji ze stron internetowych Poligrafika.pl, Opakowanie.pl oraz Packagingreview.eu przy u\u017cyciu oprogramowania lub innego zautomatyzowanego systemu (\u201escreen scraping\u201d\/\u201eweb scraping\u201d) lub w&nbsp;inny spos\u00f3b, w&nbsp;szczeg\u00f3lno\u015bci do szkolenia system\u00f3w uczenia maszynowego lub sztucznej inteligencji (AI), bez wyra\u017anej zgody Alfa-Print Sp. [&hellip;]<\/p>\n","protected":false},"author":2,"featured_media":0,"parent":0,"menu_order":0,"comment_status":"closed","ping_status":"closed","template":"","meta":{"footnotes":""},"class_list":["post-320","page","type-page","status-publish","hentry"],"_links":{"self":[{"href":"https:\/\/packagingreview.eu\/index.php\/wp-json\/wp\/v2\/pages\/320","targetHints":{"allow":["GET"]}}],"collection":[{"href":"https:\/\/packagingreview.eu\/index.php\/wp-json\/wp\/v2\/pages"}],"about":[{"href":"https:\/\/packagingreview.eu\/index.php\/wp-json\/wp\/v2\/types\/page"}],"author":[{"embeddable":true,"href":"https:\/\/packagingreview.eu\/index.php\/wp-json\/wp\/v2\/users\/2"}],"replies":[{"embeddable":true,"href":"https:\/\/packagingreview.eu\/index.php\/wp-json\/wp\/v2\/comments?post=320"}],"version-history":[{"count":9,"href":"https:\/\/packagingreview.eu\/index.php\/wp-json\/wp\/v2\/pages\/320\/revisions"}],"predecessor-version":[{"id":332,"href":"https:\/\/packagingreview.eu\/index.php\/wp-json\/wp\/v2\/pages\/320\/revisions\/332"}],"wp:attachment":[{"href":"https:\/\/packagingreview.eu\/index.php\/wp-json\/wp\/v2\/media?parent=320"}],"curies":[{"name":"wp","href":"https:\/\/api.w.org\/{rel}","templated":true}]}}