{"id":196,"date":"2024-12-05T12:02:48","date_gmt":"2024-12-05T12:02:48","guid":{"rendered":"https:\/\/packagingreview.eu\/?page_id=196"},"modified":"2025-01-07T14:33:29","modified_gmt":"2025-01-07T14:33:29","slug":"regulamin-konkursu","status":"publish","type":"page","link":"https:\/\/packagingreview.eu\/index.php\/regulamin-konkursu\/","title":{"rendered":"Regulamin konkursu"},"content":{"rendered":"\t\t<div data-elementor-type=\"wp-page\" data-elementor-id=\"196\" class=\"elementor elementor-196\" data-elementor-post-type=\"page\">\n\t\t\t\t<div class=\"elementor-element elementor-element-15b630bd e-flex e-con-boxed e-con e-parent\" data-id=\"15b630bd\" data-element_type=\"container\" data-settings=\"{&quot;background_background&quot;:&quot;classic&quot;}\">\n\t\t\t\t\t<div class=\"e-con-inner\">\n\t\t<div class=\"elementor-element elementor-element-355205b5 e-con-full e-flex e-con e-child\" data-id=\"355205b5\" data-element_type=\"container\" data-settings=\"{&quot;background_background&quot;:&quot;classic&quot;}\">\n\t\t<div class=\"elementor-element elementor-element-4ee2492 e-con-full e-flex e-con e-child\" data-id=\"4ee2492\" data-element_type=\"container\">\n\t\t\t\t<div class=\"elementor-element elementor-element-1121b479 elementor-nav-menu--stretch elementor-nav-menu--dropdown-tablet elementor-nav-menu__text-align-aside elementor-nav-menu--toggle elementor-nav-menu--burger elementor-widget elementor-widget-nav-menu\" data-id=\"1121b479\" data-element_type=\"widget\" data-settings=\"{&quot;full_width&quot;:&quot;stretch&quot;,&quot;layout&quot;:&quot;horizontal&quot;,&quot;submenu_icon&quot;:{&quot;value&quot;:&quot;&lt;svg class=\\&quot;e-font-icon-svg e-fas-caret-down\\&quot; viewBox=\\&quot;0 0 320 512\\&quot; xmlns=\\&quot;http:\\\/\\\/www.w3.org\\\/2000\\\/svg\\&quot;&gt;&lt;path d=\\&quot;M31.3 192h257.3c17.8 0 26.7 21.5 14.1 34.1L174.1 354.8c-7.8 7.8-20.5 7.8-28.3 0L17.2 226.1C4.6 213.5 13.5 192 31.3 192z\\&quot;&gt;&lt;\\\/path&gt;&lt;\\\/svg&gt;&quot;,&quot;library&quot;:&quot;fa-solid&quot;},&quot;toggle&quot;:&quot;burger&quot;}\" data-widget_type=\"nav-menu.default\">\n\t\t\t\t<div class=\"elementor-widget-container\">\n\t\t\t\t\t\t\t\t<nav aria-label=\"Menu\" class=\"elementor-nav-menu--main elementor-nav-menu__container elementor-nav-menu--layout-horizontal e--pointer-background e--animation-fade\">\n\t\t\t\t<ul id=\"menu-1-1121b479\" class=\"elementor-nav-menu\"><li class=\"menu-item menu-item-type-post_type menu-item-object-page menu-item-home menu-item-42\"><a href=\"https:\/\/packagingreview.eu\/\" class=\"elementor-item\">PR<\/a><\/li>\n<li class=\"menu-item menu-item-type-post_type menu-item-object-page menu-item-44\"><a href=\"https:\/\/packagingreview.eu\/index.php\/editorial-board\/\" class=\"elementor-item\">Editorial Board<\/a><\/li>\n<li class=\"menu-item menu-item-type-post_type menu-item-object-page menu-item-47\"><a href=\"https:\/\/packagingreview.eu\/index.php\/volumens\/\" class=\"elementor-item\">Volumens<\/a><\/li>\n<li class=\"menu-item menu-item-type-post_type menu-item-object-page menu-item-45\"><a href=\"https:\/\/packagingreview.eu\/index.php\/information-for-authors\/\" class=\"elementor-item\">Information for Authors<\/a><\/li>\n<li class=\"menu-item menu-item-type-post_type menu-item-object-page menu-item-46\"><a href=\"https:\/\/packagingreview.eu\/index.php\/reviewing-procedures\/\" class=\"elementor-item\">Reviewing procedures<\/a><\/li>\n<li class=\"menu-item menu-item-type-post_type menu-item-object-page menu-item-43\"><a href=\"https:\/\/packagingreview.eu\/index.php\/contact\/\" class=\"elementor-item\">Contact<\/a><\/li>\n<\/ul>\t\t\t<\/nav>\n\t\t\t\t\t<div class=\"elementor-menu-toggle\" role=\"button\" tabindex=\"0\" aria-label=\"Menu Toggle\" aria-expanded=\"false\">\n\t\t\t<svg aria-hidden=\"true\" role=\"presentation\" class=\"elementor-menu-toggle__icon--open e-font-icon-svg e-eicon-menu-bar\" viewBox=\"0 0 1000 1000\" xmlns=\"http:\/\/www.w3.org\/2000\/svg\"><path d=\"M104 333H896C929 333 958 304 958 271S929 208 896 208H104C71 208 42 237 42 271S71 333 104 333ZM104 583H896C929 583 958 554 958 521S929 458 896 458H104C71 458 42 487 42 521S71 583 104 583ZM104 833H896C929 833 958 804 958 771S929 708 896 708H104C71 708 42 737 42 771S71 833 104 833Z\"><\/path><\/svg><svg aria-hidden=\"true\" role=\"presentation\" class=\"elementor-menu-toggle__icon--close e-font-icon-svg e-eicon-close\" viewBox=\"0 0 1000 1000\" xmlns=\"http:\/\/www.w3.org\/2000\/svg\"><path d=\"M742 167L500 408 258 167C246 154 233 150 217 150 196 150 179 158 167 167 154 179 150 196 150 212 150 229 154 242 171 254L408 500 167 742C138 771 138 800 167 829 196 858 225 858 254 829L496 587 738 829C750 842 767 846 783 846 800 846 817 842 829 829 842 817 846 804 846 783 846 767 842 750 829 737L588 500 833 258C863 229 863 200 833 171 804 137 775 137 742 167Z\"><\/path><\/svg>\t\t<\/div>\n\t\t\t\t\t<nav class=\"elementor-nav-menu--dropdown elementor-nav-menu__container\" aria-hidden=\"true\">\n\t\t\t\t<ul id=\"menu-2-1121b479\" class=\"elementor-nav-menu\"><li class=\"menu-item menu-item-type-post_type menu-item-object-page menu-item-home menu-item-42\"><a href=\"https:\/\/packagingreview.eu\/\" class=\"elementor-item\" tabindex=\"-1\">PR<\/a><\/li>\n<li class=\"menu-item menu-item-type-post_type menu-item-object-page menu-item-44\"><a href=\"https:\/\/packagingreview.eu\/index.php\/editorial-board\/\" class=\"elementor-item\" tabindex=\"-1\">Editorial Board<\/a><\/li>\n<li class=\"menu-item menu-item-type-post_type menu-item-object-page menu-item-47\"><a href=\"https:\/\/packagingreview.eu\/index.php\/volumens\/\" class=\"elementor-item\" tabindex=\"-1\">Volumens<\/a><\/li>\n<li class=\"menu-item menu-item-type-post_type menu-item-object-page menu-item-45\"><a href=\"https:\/\/packagingreview.eu\/index.php\/information-for-authors\/\" class=\"elementor-item\" tabindex=\"-1\">Information for Authors<\/a><\/li>\n<li class=\"menu-item menu-item-type-post_type menu-item-object-page menu-item-46\"><a href=\"https:\/\/packagingreview.eu\/index.php\/reviewing-procedures\/\" class=\"elementor-item\" tabindex=\"-1\">Reviewing procedures<\/a><\/li>\n<li class=\"menu-item menu-item-type-post_type menu-item-object-page menu-item-43\"><a href=\"https:\/\/packagingreview.eu\/index.php\/contact\/\" class=\"elementor-item\" tabindex=\"-1\">Contact<\/a><\/li>\n<\/ul>\t\t\t<\/nav>\n\t\t\t\t\t\t<\/div>\n\t\t\t\t<\/div>\n\t\t<div class=\"elementor-element elementor-element-53f6235c e-con-full e-flex e-con e-child\" data-id=\"53f6235c\" data-element_type=\"container\">\n\t\t\t\t<div class=\"elementor-element elementor-element-423a5353 elementor-widget elementor-widget-text-editor\" data-id=\"423a5353\" data-element_type=\"widget\" data-widget_type=\"text-editor.default\">\n\t\t\t\t<div class=\"elementor-widget-container\">\n\t\t\t\t\t\t\t\t\t<p style=\"text-align: center;\"><strong>REGULAMIN KONKURSU<\/strong><\/p><ol><li><strong>POSTANOWIENIA OG\u00d3LNE<\/strong><\/li><\/ol><ol style=\"list-style-type: lower-alpha;\"><li>Organizatorem Konkursu jest Wydawnictwo Czasopism i Ksi\u0105\u017cek Technicznych<br \/>\u201eSIGMA-NOT\u201d Sp. z o.o., wpisana do Rejestru Przedsi\u0119biorc\u00f3w pod nr KRS 0000069968 w XIII Wydziale S\u0105du Rejonowego dla m. st. Warszawy, nr identyfikacyjny NIP 524-030-35-01, kapita\u0142 zak\u0142adowy 752\u00a0361,80 z\u0142, z siedzib\u0105 w\u00a0Warszawie ul.\u00a0Ratuszowa 11.<\/li><li>Konkurs jest przeprowadzony za po\u015brednictwem portalu spo\u0142eczno\u015bciowego pod adresem facebook.com.<\/li><li>Konkurs adresowany jest do wszystkich pe\u0142noletnich os\u00f3b fizycznych ch\u0119tnych do wzi\u0119cia udzia\u0142u w Konkursie, zarejestrowanych na portalu spo\u0142eczno\u015bciowym facebook.com.<\/li><li>Organizator nie zwraca Uczestnikom koszt\u00f3w udzia\u0142u w Konkursie.<\/li><\/ol><p>\u00a0<\/p><ol start=\"2\"><li><strong>WARUNKI UCZESTNICTWA<\/strong><\/li><\/ol><ol style=\"list-style-type: lower-alpha;\"><li>Uczestnik przyst\u0119puj\u0105cy do Konkursu i przesy\u0142aj\u0105cy prace konkursow\u0105 o\u015bwiadcza, \u017ce zapozna\u0142 si\u0119 z tre\u015bci\u0105 niniejszego Regulaminu i w pe\u0142ni go akceptuje. O\u015bwiadczenie mo\u017ce by\u0107 zawarte w tre\u015bci pracy, b\u0105d\u017a ramach odr\u0119bnego o\u015bwiadczenia.<\/li><li>Uczestnicy konkursu s\u0105 zobowi\u0105zani do przes\u0142ania przygotowanej przez siebie pracy dotycz\u0105cej innowacji w polskiej technice lub nauce (dalej \u201ePraca konkursowa\u201d) na konto Organizatora na portalu facebook.com.<\/li><li>Warunkiem wzi\u0119cia udzia\u0142u w Konkursie jest:<ul><li>posiadanie aktywnego konta w portalu facebook.com,<\/li><li>akceptacja Regulaminu Konkursu,<\/li><li>przes\u0142anie pracy konkursowej na konto Organizatora na portalu facebook.com.<\/li><\/ul><\/li><li>Celem Konkursu jest wy\u0142onienie w\u015br\u00f3d Uczestnik\u00f3w 1 Laureata, kt\u00f3ry zg\u0142osi\u0142 do Konkursu najlepsz\u0105 prac\u0119 konkursow\u0105.<\/li><li>Uczestnik o\u015bwiadcza, \u017ce posiada pe\u0142ne prawa autorskie do pracy konkursowej, w tym do zdj\u0119\u0107 i tekst\u00f3w u\u017cytych w pracy konkursowej. W przypadku odpowiedzi b\u0119d\u0105cych cytatami, obowi\u0105zkowe jest wskazanie autora cytowanego tekstu.<\/li><li>Uczestnictwa w Konkursie oraz praw i obowi\u0105zk\u00f3w z nim zwi\u0105zanych, w tym tak\u017ce prawa do nagrody, nie mo\u017cna przenosi\u0107 na inne osoby.<\/li><li>Organizator zastrzega sobie prawo do selekcji przesy\u0142anych przez uczestnik\u00f3w Konkursu zdj\u0119\u0107 i tre\u015bci oraz odmowy ich publikacji w przypadku, gdy uzna, \u017ce ich tre\u015b\u0107 mo\u017ce narusza\u0107 prawo, dobre obyczaje, uczucia, w tym uczucia religijne oraz prawa os\u00f3b trzecich. W szczeg\u00f3lno\u015bci Organizator b\u0119dzie usuwa\u0107 zdj\u0119cia o charakterze erotycznym, pornograficznym, ksenofobicznym, rasistowskim.<\/li><\/ol><p><strong>\u00a0\u00a0\u00a0<\/strong><\/p><p>\u00a0 \u00a0 \u00a0 \u00a03.<strong>ZASADY KONKURSU<\/strong><\/p><ol style=\"list-style-type: lower-alpha;\"><li>Zadaniem konkursowym jest przygotowanie pracy konkursowej.<\/li><li>Prac\u0119 konkursow\u0105 nale\u017cy przes\u0142a\u0107 na konto Organizatora na portalu facebook.com w terminie o kt\u00f3rym mowa w pkt. c.<\/li><li>Konkurs trwa od opublikowania postu konkursowego w dniu \u2026\u2026..2019 roku do godziny 23:59:59 dnia \u2026\u2026\u2026\u2026\u2026.. roku.<\/li><li>Og\u0142oszenie wynik\u00f3w nast\u0105pi \u2026\u2026\u2026\u2026\u2026\u2026\u2026\u2026.. roku na koncie Organizatora w portalu facebook.com.<\/li><li>Oceny prac dokonuje Kapitu\u0142a Konkursu (dalej \u201eKapitu\u0142a\u201d).<\/li><li>Cz\u0142onkowie Kapitu\u0142y s\u0105 powo\u0142ywani przez Zarz\u0105d Organizatora. Tryb pracy Kapitu\u0142y okre\u015bla odr\u0119bny regulamin<\/li><li>Przy ocenie prac konkursowych pod uwag\u0119 brany jest jej poziom merytoryczny, a w szczeg\u00f3lno\u015bci: oryginalno\u015b\u0107, spos\u00f3b analizy zjawisk zwi\u0105zanych z tematem pracy, zakres zrealizowanych bada\u0144, samodzielno\u015b\u0107 i innowacyjno\u015b\u0107 formu\u0142owanych wniosk\u00f3w, a tak\u017ce dob\u00f3r \u017ar\u00f3de\u0142 bibliograficznych i poprawno\u015b\u0107 j\u0119zykowa.<\/li><li>Decyzja Kapitu\u0142y jest ostateczna i nie przys\u0142uguje od niej odwo\u0142anie.<\/li><li>Nagrod\u0105 w konkursie jest publikacja pracy w czasopi\u015bmie \u201ePolish Technical Review\u201d.<\/li><\/ol><p><strong>\u00a0<\/strong><\/p><p><strong>\u00a0 \u00a0 \u00a0 \u00a04.<\/strong><strong>POSTANOWIENIA KO\u0143COWE<\/strong><\/p><ol style=\"list-style-type: lower-alpha;\"><li>Udzia\u0142 w Konkursie oznacza wyra\u017cenie zgody na przetwarzanie danych osobowych, publikacj\u0119 przes\u0142anych zdj\u0119\u0107.<\/li><li>Wype\u0142niaj\u0105c sw\u00f3j prawny obowi\u0105zek wynikaj\u0105cy z Rozporz\u0105dzenia Parlamentu Europejskiego i Rady\u00a0 (UE)\u00a0 2016\/679\u00a0 z dnia\u00a0 27\u00a0 kwietnia\u00a0 W sprawie\u00a0 ochrony\u00a0 os\u00f3b\u00a0 fizycznych\u00a0 w zwi\u0105zku\u00a0 z przetwarzaniem\u00a0\u00a0\u00a0 danych\u00a0\u00a0\u00a0 osobowych (dalej\u00a0 zwane: \u201eRODO\u201d), zgodnie z art. 13 ust.1 i 2 RODO, uprzejmie informuj\u0119, \u017ce:<ul><li>administratorem danych\u00a0 osobowych uczestnik\u00f3w konkursu\u00a0 jest\u00a0 Wydawnictwo SIGMA-NOT Sp\u00f3\u0142ka z o.o. z siedziba w Warszawie przy ul. Ratuszowej 11,<\/li><li>kontakt z Inspektorem Ochrony Danych &#8211; iod@sigma-not.pl<\/li><li>pozyskane dane\u00a0 osobowe\u00a0 przetwarzane b\u0119d\u0105\u00a0 przez\u00a0 okres przygotowania,\u00a0\u00a0\u00a0 realizacji\u00a0\u00a0\u00a0 i podsumowania\u00a0\u00a0 \u00a0\u00a0\u00a0 Dodatkowo\u00a0\u00a0\u00a0 Administrator zastrzega, \u017ce niekt\u00f3re dane osobowe b\u0119d\u0105 archiwizowane przez okres d\u0142u\u017cszy, celem realizacji\u00a0 obowi\u0105zku\u00a0 prawnego\u00a0 wynikaj\u0105cego\u00a0 z aktualnie\u00a0 obowi\u0105zuj\u0105cego\u00a0 prawa w szczeg\u00f3lno\u015bci prawa rachunkowego i podatkowego.<\/li><li>uczestnikom konkursu przys\u0142uguj\u0105 nast\u0119puj\u0105ce prawa: prawo dost\u0119pu do tre\u015bci danych, na podstawie art. 15 \u201eRODO\u201d, prawo do sprostowania danych, na podstawie art. 16 \u201eRODO\u201d, prawo do usuni\u0119cia danych, na podstawie art. 17 \u201eRODO\u201d, prawo do ograniczenia przetwarzania danych, na podstawie art. 18 \u201eRODO\u201d<\/li><li>Podanie danych\u00a0 osobowych\u00a0 jest\u00a0 dobrowolne,\u00a0 jednak\u017ce\u00a0 ich\u00a0 niepodanie\u00a0 spowoduje,\u00a0 \u017ce udzia\u0142 w konkursie b\u0119dzie niemo\u017cliwy.<\/li><\/ul><\/li><li>Organizator zastrzega sobie prawo do opublikowania imion, nazwisk, zdj\u0119\u0107 oraz informacji o Laureacie i Uczestnikach konkursu. Ka\u017cdy z Uczestnik\u00f3w konkursu udziela Organizatorowi licencji niewy\u0142\u0105cznej na korzystanie z przes\u0142anych przez Uczestnika prac konkursowych, w tym zdj\u0119\u0107, w celu zwi\u0105zanym z organizacj\u0105 i rozstrzygni\u0119ciem konkursu, dodatkowo w materia\u0142ach reklamowych Organizatora, w mediach i w Internecie.<\/li><li>Przyst\u0119puj\u0105c do Konkursu wszyscy uczestnicy wyra\u017caj\u0105 zgod\u0119 na warunki zawarte w Regulaminie.\u00a0\u00a0<\/li><li>Wszystkie kwestie, nieuj\u0119te niniejszym Regulaminie ustala Organizator.<\/li><li>Organizator Konkursu zastrzega sobie prawo do nierozstrzygania Konkursu albo przerwania lub odwo\u0142ania Konkursu z uzasadnionych przyczyn. Decyzja Organizatora w tej sprawie jest ostateczna.<\/li><li>Organizator nie ponosi odpowiedzialno\u015bci za problemy zwi\u0105zane z brakiem mo\u017cliwo\u015bci skontaktowania si\u0119 ze Zwyci\u0119zc\u0105 Konkursu.<\/li><li>Kwestie sporne rozstrzygane b\u0119d\u0105 decyzj\u0105 Organizatora, od kt\u00f3rej nie przys\u0142uguje odwo\u0142anie<\/li><li>Regulamin konkursu udost\u0119pniony jest do wgl\u0105du w siedzibie Organizatora, a tak\u017ce na stronie facebook.pl Organizatora.<\/li><\/ol>\t\t\t\t\t\t\t\t<\/div>\n\t\t\t\t<\/div>\n\t\t\t\t<\/div>\n\t\t\t\t<\/div>\n\t\t\t\t<\/div>\n\t\t<div class=\"elementor-element elementor-element-3392f81 e-con-full e-flex e-con e-child\" data-id=\"3392f81\" data-element_type=\"container\" data-settings=\"{&quot;background_background&quot;:&quot;classic&quot;}\">\n\t\t\t\t<div class=\"elementor-element elementor-element-63df1e9 elementor-widget elementor-widget-global elementor-global-217 elementor-widget-image\" data-id=\"63df1e9\" data-element_type=\"widget\" data-widget_type=\"image.default\">\n\t\t\t\t<div class=\"elementor-widget-container\">\n\t\t\t\t\t\t\t\t\t\t\t\t\t\t\t\t<a href=\"https:\/\/packagingreview.eu\/wp-content\/uploads\/2026\/04\/PACKAGING-REVIEW_1_2026.pdf\" target=\"_blank\">\n\t\t\t\t\t\t\t<img fetchpriority=\"high\" decoding=\"async\" width=\"212\" height=\"300\" src=\"https:\/\/packagingreview.eu\/wp-content\/uploads\/2026\/04\/okladka-212x300.jpg\" class=\"attachment-medium size-medium wp-image-414\" alt=\"\" srcset=\"https:\/\/packagingreview.eu\/wp-content\/uploads\/2026\/04\/okladka-212x300.jpg 212w, https:\/\/packagingreview.eu\/wp-content\/uploads\/2026\/04\/okladka-724x1024.jpg 724w, https:\/\/packagingreview.eu\/wp-content\/uploads\/2026\/04\/okladka-768x1086.jpg 768w, https:\/\/packagingreview.eu\/wp-content\/uploads\/2026\/04\/okladka-1086x1536.jpg 1086w, https:\/\/packagingreview.eu\/wp-content\/uploads\/2026\/04\/okladka-1448x2048.jpg 1448w, https:\/\/packagingreview.eu\/wp-content\/uploads\/2026\/04\/okladka.jpg 1358w\" sizes=\"(max-width: 212px) 100vw, 212px\" \/>\t\t\t\t\t\t\t\t<\/a>\n\t\t\t\t\t\t\t\t\t\t\t\t\t\t\t<\/div>\n\t\t\t\t<\/div>\n\t\t\t\t<div class=\"elementor-element elementor-element-44d53e6 elementor-widget elementor-widget-global elementor-global-214 elementor-widget-text-editor\" data-id=\"44d53e6\" data-element_type=\"widget\" data-widget_type=\"text-editor.default\">\n\t\t\t\t<div class=\"elementor-widget-container\">\n\t\t\t\t\t\t\t\t\t<p><a href=\"https:\/\/packagingreview.eu\/wp-content\/uploads\/2026\/04\/PACKAGING-REVIEW_1_2026.pdf\">Packaging Review 2026<\/a><a href=\"https:\/\/packagingreview.eu\/wp-content\/uploads\/2025\/12\/PACKAGING-REVIEW_4_2025.pdf\" target=\"_blank\" rel=\"noopener\">-1<\/a><br \/><a href=\"https:\/\/packagingreview.eu\/wp-content\/uploads\/2025\/12\/PACKAGING-REVIEW_4_2025.pdf\" target=\"_blank\" rel=\"noopener\">Packaging Review 2025-4<\/a><br \/><a href=\"https:\/\/packagingreview.eu\/wp-content\/uploads\/2025\/09\/PACKAGING-REVIEW_3_2025.pdf\">Packaging Review 2025-3<\/a><br \/><a href=\"https:\/\/packagingreview.eu\/wp-content\/uploads\/2025\/05\/PACKAGING-REVIEW_22025.pdf\" target=\"_blank\" rel=\"noopener\">Packaging Review 2025-2<\/a><br \/><a href=\"https:\/\/packagingreview.eu\/wp-content\/uploads\/2025\/03\/PR_1_2025.pdf\" target=\"_blank\" rel=\"noopener\">Packaging Review 2025-1<\/a><br \/><a href=\"https:\/\/packagingreview.eu\/wp-content\/uploads\/2025\/01\/PR_4_2024.pdf\" target=\"_blank\" rel=\"noopener\">Packaging Review 2024-4<\/a><br \/><a href=\"https:\/\/packagingreview.eu\/wp-content\/uploads\/2024\/12\/PR_3_2024.pdf\" target=\"_blank\" rel=\"noopener\">Packaging Review 2024-3<\/a><br \/><a href=\"https:\/\/packagingreview.eu\/wp-content\/uploads\/2024\/12\/PR_2_2024.pdf\" target=\"_blank\" rel=\"noopener\">Packaging Review 2024-2<\/a><br \/><a href=\"https:\/\/packagingreview.eu\/wp-content\/uploads\/2024\/12\/PR_1_2024.pdf\" target=\"_blank\" rel=\"noopener\">Packaging Review 2024-1<\/a><br \/><a href=\"https:\/\/packagingreview.eu\/wp-content\/uploads\/2024\/12\/PR_4_2023.pdf\" target=\"_blank\" rel=\"noopener\">Packaging Review 2023-4<\/a><br \/><a href=\"https:\/\/packagingreview.eu\/wp-content\/uploads\/2024\/12\/PR_3_2023.pdf\" target=\"_blank\" rel=\"noopener\">Packaging Review 2023-3<\/a><br \/><a href=\"https:\/\/packagingreview.eu\/wp-content\/uploads\/2024\/12\/PR_2_2023.pdf\" target=\"_blank\" rel=\"noopener\">Packaging Review 2023-2<\/a><br \/><a href=\"https:\/\/packagingreview.eu\/wp-content\/uploads\/2024\/12\/PR_1_2023.pdf\" target=\"_blank\" rel=\"noopener\">Packaging Review 2023-1<\/a><br \/><a href=\"https:\/\/packagingreview.eu\/wp-content\/uploads\/2024\/12\/PR_4_2022.pdf\" target=\"_blank\" rel=\"noopener\">Packaging Review 2022-4<\/a><br \/><a href=\"https:\/\/packagingreview.eu\/wp-content\/uploads\/2024\/12\/PR_3_2022.pdf\" target=\"_blank\" rel=\"noopener\">Packaging Review 2022-3<\/a><br \/><a href=\"https:\/\/packagingreview.eu\/wp-content\/uploads\/2024\/12\/PR_2_2022.pdf\" target=\"_blank\" rel=\"noopener\">Packaging Review 2022-2<\/a><br \/><a href=\"https:\/\/packagingreview.eu\/wp-content\/uploads\/2024\/12\/PR_1_2022_v2-1.pdf\" target=\"_blank\" rel=\"noopener\">Packaging Review 2022-1<\/a><\/p>\t\t\t\t\t\t\t\t<\/div>\n\t\t\t\t<\/div>\n\t\t\t\t<\/div>\n\t\t\t\t\t<\/div>\n\t\t\t\t<\/div>\n\t\t\t\t<\/div>\n\t\t","protected":false},"excerpt":{"rendered":"<p>REGULAMIN KONKURSU POSTANOWIENIA OG\u00d3LNE Organizatorem Konkursu jest Wydawnictwo Czasopism i Ksi\u0105\u017cek Technicznych\u201eSIGMA-NOT\u201d Sp. z o.o., wpisana do Rejestru Przedsi\u0119biorc\u00f3w pod nr KRS 0000069968 w XIII Wydziale S\u0105du Rejonowego dla m. st. Warszawy, nr identyfikacyjny NIP 524-030-35-01, kapita\u0142 zak\u0142adowy 752\u00a0361,80 z\u0142, z siedzib\u0105 w\u00a0Warszawie ul.\u00a0Ratuszowa 11. Konkurs jest przeprowadzony za po\u015brednictwem portalu spo\u0142eczno\u015bciowego pod adresem facebook.com. [&hellip;]<\/p>\n","protected":false},"author":1,"featured_media":0,"parent":0,"menu_order":0,"comment_status":"closed","ping_status":"closed","template":"elementor_header_footer","meta":{"footnotes":""},"class_list":["post-196","page","type-page","status-publish","hentry"],"_links":{"self":[{"href":"https:\/\/packagingreview.eu\/index.php\/wp-json\/wp\/v2\/pages\/196","targetHints":{"allow":["GET"]}}],"collection":[{"href":"https:\/\/packagingreview.eu\/index.php\/wp-json\/wp\/v2\/pages"}],"about":[{"href":"https:\/\/packagingreview.eu\/index.php\/wp-json\/wp\/v2\/types\/page"}],"author":[{"embeddable":true,"href":"https:\/\/packagingreview.eu\/index.php\/wp-json\/wp\/v2\/users\/1"}],"replies":[{"embeddable":true,"href":"https:\/\/packagingreview.eu\/index.php\/wp-json\/wp\/v2\/comments?post=196"}],"version-history":[{"count":7,"href":"https:\/\/packagingreview.eu\/index.php\/wp-json\/wp\/v2\/pages\/196\/revisions"}],"predecessor-version":[{"id":245,"href":"https:\/\/packagingreview.eu\/index.php\/wp-json\/wp\/v2\/pages\/196\/revisions\/245"}],"wp:attachment":[{"href":"https:\/\/packagingreview.eu\/index.php\/wp-json\/wp\/v2\/media?parent=196"}],"curies":[{"name":"wp","href":"https:\/\/api.w.org\/{rel}","templated":true}]}}